est common divisor of 320 and 8.
8
Calculate the highest common factor of 731 and 17.
17
What is the highest common divisor of 16 and 54?
2
What is the greatest common divisor of 125469 and 27?
27
Calculate the highest common factor of 5 and 1.
1
What is the highest common divisor of 600 and 72?
24
What is the greatest common factor of 660 and 300?
60
What is the highest common factor of 53 and 16536?
53
Calculate the highest common factor of 154 and 693.
77
What is the highest common factor of 877 and 1?
1
Calculate the highest common divisor of 715 and 605.
55
What is the greatest common divisor of 3220 and 15?
5
Calculate the highest common divisor of 64 and 192.
64
What is the greatest common divisor of 3 and 50?
1
Calculate the greatest common divisor of 18 and 2.
2
What is the highest common divisor of 640 and 360?
40
What is the greatest common divisor of 9763 and 26?
13
What is the greatest common divisor of 1029 and 42?
21
Calculate the highest common factor of 34 and 25126.
34
What is the greatest common divisor of 45 and 1845?
45
Calculate the greatest common divisor of 610 and 290.
10
What is the greatest common divisor of 25125 and 30?
15
What is the greatest common factor of 110 and 2805?
55
What is the greatest common divisor of 64 and 16?
16
Calculate the highest common divisor of 2619 and 27.
27
Calculate the greatest common divisor of 69 and 2622.
69
Calculate the highest common divisor of 437 and 19.
19
What is the highest common divisor of 75 and 4000?
25
What is the greatest common factor of 83 and 415?
83
Calculate the highest common factor of 60 and 2560.
20
What is the highest common factor of 360 and 225?
45
Calculate the greatest common factor of 28 and 868.
28
Calculate the highest common divisor of 184 and 8.
8
What is the greatest common factor of 952 and 280?
56
Calculate the greatest common divisor of 139 and 9.
1
Calculate the highest common factor of 1312 and 32.
32
Calculate the greatest common divisor of 3375 and 125.
125
What is the highest common divisor of 52 and 871?
13
What is the highest common divisor of 57 and 69711?
57
What is the greatest common divisor of 88 and 2134?
22
Calculate the greatest common factor of 88 and 11044.
44
Calculate the highest common factor of 208 and 26.
26
What is the highest common factor of 2958 and 348?
174
Calculate the highest common factor of 1614 and 24.
6
Calculate the greatest common factor of 50 and 145.
5
What is the highest common divisor of 15 and 615?
15
What is the greatest common factor of 1320 and 3720?
120
What is the highest common factor of 24334 and 46?
46
What is the greatest common divisor of 986 and 2244?
34
Calculate the greatest common factor of 33 and 16269.
33
Calculate the greatest common divisor of 792 and 576.
72
What is the greatest common factor of 376 and 141?
47
Calculate the highest common factor of 10721 and 151.
151
Calculate the highest common divisor of 18 and 2700.
18
Calculate the highest common factor of 1 and 71.
1
What is the highest common divisor of 27058 and 83?
83
Calculate the greatest common factor of 2332 and 44.
44
What is the highest common divisor of 60 and 470?
10
Calculate the greatest common factor of 16 and 976.
16
What is the highest common divisor of 133 and 456?
19
What is the greatest common factor of 57 and 114?
57
Calculate the greatest common factor of 585 and 2223.
117
What is the greatest common divisor of 1391 and 107?
107
Calculate the greatest common divisor of 399 and 209.
19
Calculate the greatest common factor of 637 and 735.
49
Calculate the greatest common divisor of 460 and 380.
20
Calculate the greatest common divisor of 6324 and 465.
93
Calculate the highest common factor of 900 and 204.
12
What is the highest common divisor of 50 and 50900?
50
What is the greatest common divisor of 217 and 62?
31
What is the greatest common factor of 210 and 6?
6
What is the greatest common factor of 30 and 96?
6
Calculate the highest common factor of 104 and 338.
26
Calculate the highest common divisor of 1323 and 49.
49
What is the greatest common factor of 32 and 4192?
32
What is the greatest common factor of 2373 and 21?
21
Calculate the greatest common factor of 230 and 30.
10
What is the highest common factor of 1591 and 43?
43
What is the highest common factor of 166 and 3901?
83
What is the highest common divisor of 2085 and 15?
15
What is the greatest common divisor of 684 and 2812?
76
Calculate the highest common divisor of 27086 and 58.
58
What is the highest common divisor of 275 and 55?
55
Calculate the greatest common factor of 168 and 98.
14
What is the greatest common divisor of 143 and 33?
11
What is the greatest common factor of 13 and 3601?
13
What is the greatest common factor of 252 and 63?
63
Calculate the highest common factor of 172 and 817.
43
What is the highest common divisor of 54 and 351?
27
What is the highest common factor of 272 and 3196?
68
Calculate the highest common divisor of 285 and 32205.
285
What is the highest common divisor of 106 and 7632?
106
What is the greatest common divisor of 26869 and 277?
277
Calculate the greatest common divisor of 1519 and 31.
31
Calculate the greatest common divisor of 15 and 3.
3
What is the greatest common factor of 11 and 7051?
11
Calculate the greatest common factor of 80 and 1960.
40
What is the greatest common factor of 7622 and 148?
74
What is the greatest common factor of 987 and 168?
21
What is the highest common factor of 1056 and 480?
96
Calculate the highest common factor of 3 and 104.
1
What is the highest common factor of 3934 and 14?
14
What is the highest common factor of 9625 and 154?
77
What is the greatest common factor of 16660 and 170?
170
Calculate the highest common factor of 8880 and 15.
15
What is the highest common factor of 4 and 9748?
4
Calculate the highest common factor of 6848 and 128.
64
Calculate the highest common factor of 13 and 754.
13
Calculate the greatest common factor of 15 and 31650.
15
What is the highest common divisor of 36 and 54?
18
Calculate the greatest common factor of 330 and 10.
10
What is the greatest common divisor of 42 and 336?
42
What is the greatest common factor of 2541 and 84?
21
Calculate the highest common divisor of 108 and 36.
36
What is the greatest common divisor of 2255 and 660?
55
Calculate the highest common divisor of 208 and 2327.
13
Calculate the highest common divisor of 1927 and 82.
41
Calculate the greatest common divisor of 5123 and 47.
47
What is the highest common divisor of 57 and 25023?
57
Calculate the highest common divisor of 9448 and 8.
8
Calculate the highest common factor of 3 and 63.
3
What is the highest common factor of 59 and 826?
59
What is the highest common divisor of 256 and 376?
8
What is the highest common divisor of 48 and 588?
12
What is the highest common divisor of 21 and 511?
7
What is the highest common divisor of 33 and 825?
33
What is the highest common divisor of 10 and 1030?
10
What is the greatest common divisor of 37 and 69967?
37
Calculate the highest common factor of 660 and 1200.
60
What is the greatest common divisor of 3484 and 5360?
268
What is the highest common factor of 280 and 7420?
140
What is the greatest common divisor of 90 and 150?
30
What is the greatest common factor of 112 and 816?
16
What is the highest common divisor of 456 and 3144?
24
What is the greatest common factor of 116 and 4?
4
Calculate the highest common factor of 4092 and 12.
12
Calculate the greatest common factor of 6616 and 8.
8
What is the highest common factor of 204 and 24?
12
What is the greatest common factor of 38 and 2299?
19
Calculate the greatest common factor of 1635 and 763.
109
Calculate the greatest common divisor of 2316 and 24.
12
What is the greatest common factor of 21 and 105?
21
Calculate the greatest common divisor of 102 and 1173.
51
Calculate the greatest common divisor of 102 and 6.
6
Calculate the greatest common divisor of 85 and 31110.
85
Calculate the greatest common factor of 12095 and 2065.
295
What is the greatest common factor of 68 and 20?
4
What is the greatest common divisor of 51 and 425?
17
What is the greatest common factor of 516 and 12?
12
What is the greatest common factor of 5 and 10?
5
Calculate the greates